 1 - -26 - (-877 - -859) - 8?
37
What is -1 + -3 + 13 + (-3 - (-7 - 22))?
35
-53 - (65 + -81) - ((1 - 8) + 5)
-35
What is the value of (6 - -2) + (-13 + -2 - -5 - -9) - -23?
30
-11 + 119 + 49 + -110
47
What is (0 - -69) + -5620 + 5639?
88
-80 + 27 + (7 - 6)
-52
Calculate -39 + 51 + (-9 - 40).
-37
What is the value of ((-7 - (2 - 23)) + 16 - 10) + -4?
16
Evaluate -3 + -14 - (-9 - (-15 - (-29 - -88))).
-82
Evaluate -34 - 1 - (-5 - ((-3 - 15) + 8)).
-40
Evaluate 0 + 31 + -21 + 5 + -45 + 0 + -6.
-36
-12 + -19 - (0 - -5 - (57 - 59) - 13)
-25
Calculate (-7 - (9 + (-5 - 60))) + (4 - (5 - 2)).
50
Calculate (-6 - (-4 - -104)) + 90 + -72 + 4.
-84
What is the value of (7 - 25 - -43) + -13 - (0 + -66 + 0)?
78
Calculate -12 + 14 + (-39 - -31) + (6 - (0 - -3)).
-3
Calculate -7 + -37 - (15 + 14 + 6 + -15).
-64
Calculate -12 + 7 + -7 + 4 + 7 - -13.
12
Evaluate 5339 + -5388 - (88 + -2).
-135
What is the value of -13 - (94 + (-15 - (10 - (-13 + 24) - 11)))?
-104
Calculate -69 + -3 - (15 + (-116 - -63)).
-34
Calculate 7 + (-13 + 10 - -14) + (-450 - -286).
-146
What is 8 - (6 - (0 - (-1 - 1) - (529 - 496)))?
-29
What is (-2 + 14 + -8 - 58) + -13 - -16?
-51
Evaluate -23 + (5 - 2) + -42 + 13.
-49
Evaluate -8 + (15 - (3 - -6)) + -14 - -50.
34
What is 125 + (124 - 254) - (2 - (0 + -26))?
-33
Calculate 1 - 60 - (2 - 3 - 0 - (5 + 7)).
-46
What is 56 + -47 + -111 - (3 + (5 + -3 - -5))?
-112
What is the value of -123 + -16 + -19 + 103?
-55
(-4 - (4 + 31 + 17)) + -5 + (-3 - -13)
-51
(-24 - -2) + 4 + (6 - (24 + -18))
-18
What is the value of 9 - (-16 - (-18 + -5 - -17 - -59))?
78
What is the value of 11 + 1 - (79 + (25 - 29) + -29)?
-34
What is the value of 1 + -7 + (-65 - (-16 + -46)) - -48?
39
Evaluate -4 + -117 + 53 + 22.
-46
Calculate -80 + -3 + 37 - -23.
-23
What is the value of (-4 - 0) + 7 - ((-15 - 12) + 6 - -1)?
23
Calculate -98 + 143 - (31 - 10).
24
What is the value of (-112 + 139 - (-4 + 22)) + (-2 + 3 - -28)?
38
13 + 103 + -4 + 30 + -50
92
Evaluate -55 + (-31 - -73) + (21 - 0).
8
What is the value of (41 - 31) + -1 + 28 - 163?
-126
Calculate 1 - (10 - 7) - (3 + -1) - (-84 + 53).
27
Evaluate 9 - (18 - 16) - (-6 - -2 - 35).
46
What is 11 + (-25 + (-15 - -33) - 6) - -30?
28
Evaluate -15 + -22 + 18 - -37 - 73.
-55
What is the value of (-2 - -101) + (-10 - (4 + 2) - -31 - 29)?
85
Evaluate (-166 - -156) + -2 + -5 + 116.
99
What is the value of (2 - 4) + 12 + (10 - (33 + -27))?
14
(7 - -4) + (-76 - 32) + 31
-66
Calculate -37 + -1 - (-3 + -2 - (-15 - (-3 - 11))).
-34
13 + -28 - -16 - 15 - (-2 - 0)
-12
What is the value of (-3 - (2 + 1 + -15 - (121 + -123))) + 46?
53
Evaluate -1 + 45 + -11472 + 11554.
126
What is the value of -2 + -54 + -15 + -27 + 45?
-53
Calculate (0 - ((-2 - -3) + 1)) + 90 + (-127 - 27).
-66
What is the value of 4 + -1 - (347 + -347) - (3 - 16)?
16
-1 + 1 + -10 + -9 + -16 + 37
2
What is ((2 - 2) + (13 - 18) - -15) + 8?
18
What is 7 + (15 - 0 - (1 - (-52 + 23))) + -104?
-112
(-81 + 17 - -47) + -31
-48
Evaluate (-9 - -4) + -16 - (-45 - -18).
6
(210 - 174) + -3 + -42
-9
What is (-4 - 5) + 14 + 2 + 9 + 1?
17
Calculate -1 + -67 + (-6 + -18 - -29) - 11 - -3.
-71
Evaluate -4 + (-15 - -38 - (-6 + 6)).
19
Evaluate -236 + -52 + 76 + 66.
-146
Calculate ((25 - 1) + -42 - -128) + -30.
80
What is the value of -27 - (-25 + 19 + -7)?
-14
What is the value of 12 + -26 + -5 + (4 - -9) - (5 + -3)?
-8
Calculate -13 + (32 - 17) + -22 + 35.
15
Evaluate 8 - -9 - (2 + (-7 - (-3 - -2))).
21
Calculate -81 - ((23 - 33 - -27) + -26).
-72
What is (2 - 3 - 15 - -4 - (268 - 276)) + 36?
32
What is the value of 45 + -80 + (7 - (0 - 9))?
-19
Evaluate -93 + 2 + -3223 + 3222.
-92
9 - 57 - -43 - (6 - -26)
-37
Calculate -32 + (-147 - -131) + 142.
94
-30 - (2 - -1) - (-9 + 1 - (-15 + 12))
-28
What is (99 - ((41 - 29) + -17)) + -16?
88
Calculate (-15 - (116 + -179)) + -116.
-68
82 + -82 + (-83 - -169)
86
What is the value of -11 + (26 - 22 - ((-2 - -13) + -4) - 6)?
-20
What is 8 - 1 - (96 - 95) - 9?
-3
-50 + (40 + 115 - 44)
61
-11 - (-17 + (-26 - -20 - (-15 - -3)))
0
Calculate 7 + (1 - 23 - 4) + (-4 - (5 - 3)).
-25
Evaluate 34 + -116 + (52 - -3).
-27
What is 1 + 1 - (983 - 980)?
-1
Calculate (-9 - ((-5 - 0) + 2)) + 7 + 4.
5
82 + (126 - (-57 + 302))
-37
Calculate 1908 + -1807 - (-1 - 24 - -1) - (-1 + -7).
133
What is the value of (-35 + 60 - -15) + 10 + 0 + -2 + 4?
52
17 - (-6 + -1) - 15 - -37
46
Evaluate -53 - (-101 + 98) - 46.
-96
What is the value of -1 + -74 + (-19 - (-31 - -1 - 21)) + -24?
-67
What is the value of 28 + (3 - -2) + -17?
16
Calculate (48 - (-44 - (9 - 58))) + (-2 - (-2 - -3)).
40
-22 + 4 + 69 + -32 + 26
45
2 + 121 + -129 - (-2 - 0 - (13 - 4))
5
Calculate 0 + 44 - ((-15 - -2) + -4 - -7).
54
(5906 - 5937) + 0 + 41 + 0
10
What is (6 - 2) + -5 - (29 + 5 - 38) - 11?
-8
What is -88 - (33 + -37 + -18 + 10)?
-76
What is -88 + 105 - ((-1 - -5) + -23)?
36
Calculate 0 - 5 - (10782 + -10753).
-34
Evaluate -35 + -2 + 38 + -30.
-29
What is 1 + 109 - (-3 + -1 - (1186 + -1174))?
126
What is the value of (-13 - -85 - 25 - 43) + (30 - -1)?
35
(157 - 1 - (-1635 + 1646)) + -1
144
What is (44 - (-2 + -1)) + -10 + 19 + 3 + -2?
57
What is 83 + (41 - 44 - 43)?
37
-64 + (-59 + 50 - (-16 - 0)) - -15
-42
Evaluate 10 - (244 + -268 + (-2 - (-2 - 0))).
34
-62 + -75 + 203 - 28
38
Evaluate 66 + 38 + -74 - 79.
-49
What is the value of (1 - 1) + (-2273 - -2281)?
8
What is (-9 - -98) + -148 - -60?
1
Evaluate 10 + 19 + (27 + -29 - (1 - 10)).
36
Evaluate (-35 - 7 - -74) + -1.
31
Evaluate -36 + -151 + (111 - -25).
-51
What is the value of (-17 - -1) + (35 + -2 - (-32 + 24 + 29))?
-4
Calculate (-3 - ((-8 - -4) + 5)) + 17 + (-2 - 18).
-7
What is (172 - 189) + (1 - -1) - -5 - -51?
41
Calculate -71 + 0 + (-108 - (-26 + -67)) + (0 - -9).
-77
What is 80 + (27 - 154) + (0 - 30)?
-77
Evaluate 66 + -43 - (-13 - (-19 + -10)).
7
Calculate -13442 + 13432 + -1 + 42 + -2 + (-2 - -3).
30
(-29 - -101) + 23 + -73
22
Evaluate (0 + -2 + -1 - -9) + (2 - (-3 - -101)).
-90
What is (41 - (-44 - -113)) + 36?
8
Evaluate -44 - 1 - -1 - (42 - (36 - 60) - 58).
-52
Calculate (18 - -5 - (-26 - -35) - -60) + -7.
67
What is 0 - 59 - (8 + -7 + 20 - (14 - -1))?
-65
Evaluate (-9 - 2) + ((16 - (-5 - -30)) + -48 - -15).
-53
What is 117 + -27 + 3 + (-60 - (-81 + 16))?
98
-69 - (-5 + -34 - -20) - -9
-41
Calculate -42 - (3086 + -3194 - (1 - 35)).
32
Calculate 8 - (-32 - ((14 - 1) + -28)).
25
What is (13 - 5) + 15 + 1 + -13 + 13 + -2?
22
-34 + 84 + -9 + (2 - 2)
41
Calculate (-1 - 10) + 104 + -6 + -69.
18
-45 + -9 + -18 - -61
-11
What is the value of 2 + 22 + 3458 + -3425?
57
(53 - 21) + 1 + 26
59
5 + -6 + 4 + (-1 + -59 - (61 - 36))
-82
Calculate 22 - (-42 + 125 - 45).
-16
(0 - -84) + 306 + (178 - 490)
78
What is (-1 - -2) + 52 + (317 - 303 - (1 + 14))?
52
What is -9 - (-11 - (13 + -56 - 23) - (0 + 13))?
-51
What is the value of -7 + -2 - 7 - (-7 - -7 - 7) - -10?
1
Calculate (-22 - (-53 + 27 + -19)) + -13.
10
What is the value of -37 - ((0 - -69) + -146)?
40
What is (-87 - -10 - -51 - (-9 - 0)) + 60?
43
Calculate 1 + -4 + 2 + -12 + (68 - 11 - 51).
-7
-29 - (-42 + -4 + 56)
-39
Calculate (106 - 5 - -76) + -110.
67
Evaluate -26 - (-37 - (-4 - 16) - 44).
35
What is the value of (-216 + 101 - -5) + 11 + 1 + -3 + 4?
-97
Evaluate -98 + 0 - (19853 + -19981).
30
Evaluate -7 + 22 + (-73 - -18 - 8).
-48
What is the value of 21 + 12 + -9 + (31 - 12)?
43
What is -10 + 12 + 7 + 38 + -24?
23
Evaluate (8 - 34) + -8 + (102 - 2).
66
Calculate 14 + ((-10 - 6) + -5 - -9) - 41.
-39
Evaluate -22 + 66 + -19 + -1 + -18.
6
Calculate 111 + -134 + 17 - (2 + 21).
-29
What is the value of -1344 - -1323 - (-1 - 129) - (-2 - 11)?
122
(13 - (31 - (8 - (9 - 10)))) + 7 + 2
0
What is the value of -1570 - -1498 - (7 - -5)?
-84
-39 + 89 + (-10 + -8 - -20)
52
What is (-3 - 7) + (161 - 139)?
12
What is 97 + (-237 - -159) + (0 - -27)?
46
What is the value of (0 - 0) + (33 - (54 - (-13 + 41)))?
7
(17 - (-4 + 3)) + (3 - 51)
-30
What is 12 + (7 - 10) + 1 + (-1 + 50 - 4)?
55
What is the value of 17 + -4 + 2 + (-34062 - -34077)?
30
Evaluate -8 - (27 + -14 - ((0 - 0) + 5)).
-16
What is the value of 14 + 2 - (7 - 33 - 1)?
43
What is the value of 0 + -22 + 46 + 41 - (10 - -2)?
53
What is 3 + (3 - (-1 - 59)) + (-6 - 6) - -9?
63
Evaluate (1 - -16 - 47) + (287 - 175).
82
-10 + (0 - 47) + (-18 +